[INFO] cloning repository https://github.com/andrew4fr/rust_microservice
[INFO] running `Command { std: "git" "-c" "credential.helper=" "-c" "credential.helper=/workspace/cargo-home/bin/git-credential-null" "clone" "--bare" "https://github.com/andrew4fr/rust_microservice" "/workspace/cache/git-repos/https%3A%2F%2Fgithub.com%2Fandrew4fr%2Frust_microservice", kill_on_drop: false }`
[INFO] [stderr] Cloning into bare repository '/workspace/cache/git-repos/https%3A%2F%2Fgithub.com%2Fandrew4fr%2Frust_microservice'...
[INFO] running `Command { std: "git" "rev-parse" "HEAD", kill_on_drop: false }`
[INFO] [stdout] 992fa06e2e8c9de0754bd76512cb34bb4c2d6a7f
[INFO] checking andrew4fr/rust_microservice against try#72f88fc4e9458f89516a0b8b0868f3718aec5b47 for pr-74989
[INFO] running `Command { std: "git" "clone" "/workspace/cache/git-repos/https%3A%2F%2Fgithub.com%2Fandrew4fr%2Frust_microservice" "/workspace/builds/worker-9/source", kill_on_drop: false }`
[INFO] [stderr] Cloning into '/workspace/builds/worker-9/source'...
[INFO] [stderr] done.
[INFO] validating manifest of git repo https://github.com/andrew4fr/rust_microservice on toolchain 72f88fc4e9458f89516a0b8b0868f3718aec5b47
[INFO] running `Command { std: "/workspace/cargo-home/bin/cargo" "+72f88fc4e9458f89516a0b8b0868f3718aec5b47" "read-manifest" "--manifest-path" "Cargo.toml", kill_on_drop: false }`
[INFO] started tweaking git repo https://github.com/andrew4fr/rust_microservice
[INFO] finished tweaking git repo https://github.com/andrew4fr/rust_microservice
[INFO] tweaked toml for git repo https://github.com/andrew4fr/rust_microservice written to /workspace/builds/worker-9/source/Cargo.toml
[INFO] crate git repo https://github.com/andrew4fr/rust_microservice already has a lockfile, it will not be regenerated
[INFO] running `Command { std: "/workspace/cargo-home/bin/cargo" "+72f88fc4e9458f89516a0b8b0868f3718aec5b47" "fetch" "--locked" "--manifest-path" "Cargo.toml", kill_on_drop: false }`
[INFO] [stderr]  Downloading crates ...
[INFO] [stderr]   Downloaded awc v0.2.2
[INFO] [stderr]   Downloaded actix-utils v0.4.2
[INFO] [stderr]   Downloaded actix-server v0.5.1
[INFO] [stderr]   Downloaded redis v0.12.0
[INFO] [stderr]   Downloaded actix-connect v0.2.0
[INFO] [stderr]   Downloaded actix-server-config v0.1.1
[INFO] [stderr]   Downloaded actix-http v0.2.5
[INFO] [stderr]   Downloaded winreg v0.6.0
[INFO] [stderr]   Downloaded actix-web v1.0.3
[INFO] [stderr]   Downloaded actix-rt v0.2.3
[INFO] running `Command { std: "docker" "create" "-v" "/var/lib/crater-agent-workspace/builds/worker-9/target:/opt/rustwide/target:rw,Z" "-v" "/var/lib/crater-agent-workspace/builds/worker-9/source:/opt/rustwide/workdir:ro,Z" "-v" "/var/lib/crater-agent-workspace/cargo-home:/opt/rustwide/cargo-home:ro,Z" "-v" "/var/lib/crater-agent-workspace/rustup-home:/opt/rustwide/rustup-home:ro,Z" "-e" "SOURCE_DIR=/opt/rustwide/workdir" "-e" "CARGO_TARGET_DIR=/opt/rustwide/target" "-e" "CARGO_HOME=/opt/rustwide/cargo-home" "-e" "RUSTUP_HOME=/opt/rustwide/rustup-home" "-w" "/opt/rustwide/workdir" "-m" "1610612736" "--user" "0:0" "--network" "none" "rustops/crates-build-env@sha256:d92eaeed33fa75130ca1ee6c8a01d1ffb62bac859dfdfb3450e3e5d1c0146529" "/opt/rustwide/cargo-home/bin/cargo" "+72f88fc4e9458f89516a0b8b0868f3718aec5b47" "metadata" "--no-deps" "--format-version=1", kill_on_drop: false }`
[INFO] [stdout] cede0e574380d06c86bbb37dbbe2e15a718005e205458f5e76589b646d020897
[INFO] [stderr] WARNING: Your kernel does not support swap limit capabilities or the cgroup is not mounted. Memory limited without swap.
[INFO] running `Command { std: "docker" "start" "-a" "cede0e574380d06c86bbb37dbbe2e15a718005e205458f5e76589b646d020897", kill_on_drop: false }`
[INFO] running `Command { std: "docker" "inspect" "cede0e574380d06c86bbb37dbbe2e15a718005e205458f5e76589b646d020897", kill_on_drop: false }`
[INFO] running `Command { std: "docker" "rm" "-f" "cede0e574380d06c86bbb37dbbe2e15a718005e205458f5e76589b646d020897", kill_on_drop: false }`
[INFO] [stdout] cede0e574380d06c86bbb37dbbe2e15a718005e205458f5e76589b646d020897
[INFO] running `Command { std: "docker" "create" "-v" "/var/lib/crater-agent-workspace/builds/worker-9/target:/opt/rustwide/target:rw,Z" "-v" "/var/lib/crater-agent-workspace/builds/worker-9/source:/opt/rustwide/workdir:ro,Z" "-v" "/var/lib/crater-agent-workspace/cargo-home:/opt/rustwide/cargo-home:ro,Z" "-v" "/var/lib/crater-agent-workspace/rustup-home:/opt/rustwide/rustup-home:ro,Z" "-e" "SOURCE_DIR=/opt/rustwide/workdir" "-e" "CARGO_TARGET_DIR=/opt/rustwide/target" "-e" "CARGO_INCREMENTAL=0" "-e" "RUST_BACKTRACE=full" "-e" "RUSTFLAGS=--cap-lints=forbid" "-e" "CARGO_HOME=/opt/rustwide/cargo-home" "-e" "RUSTUP_HOME=/opt/rustwide/rustup-home" "-w" "/opt/rustwide/workdir" "-m" "1610612736" "--user" "0:0" "--network" "none" "rustops/crates-build-env@sha256:d92eaeed33fa75130ca1ee6c8a01d1ffb62bac859dfdfb3450e3e5d1c0146529" "/opt/rustwide/cargo-home/bin/cargo" "+72f88fc4e9458f89516a0b8b0868f3718aec5b47" "check" "--frozen" "--all" "--all-targets" "--message-format=json", kill_on_drop: false }`
[INFO] [stderr] WARNING: Your kernel does not support swap limit capabilities or the cgroup is not mounted. Memory limited without swap.
[INFO] [stdout] dd21c2edf2c7f39b13654dee4971633b20dedf092c1999a168b81b3e75f6688b
[INFO] running `Command { std: "docker" "start" "-a" "dd21c2edf2c7f39b13654dee4971633b20dedf092c1999a168b81b3e75f6688b", kill_on_drop: false }`
[INFO] [stderr]     Blocking waiting for file lock on package cache
[INFO] [stderr]    Compiling libc v0.2.59
[INFO] [stderr]    Compiling autocfg v0.1.4
[INFO] [stderr]     Checking rand_core v0.4.0
[INFO] [stderr]    Compiling byteorder v1.3.2
[INFO] [stderr]    Compiling proc-macro2 v0.4.30
[INFO] [stderr]    Compiling unicode-xid v0.1.0
[INFO] [stderr]     Checking smallvec v0.6.10
[INFO] [stderr]     Checking futures v0.1.28
[INFO] [stderr]    Compiling syn v0.15.39
[INFO] [stderr]     Checking slab v0.4.2
[INFO] [stderr]     Checking fnv v1.0.6
[INFO] [stderr]    Compiling cc v1.0.37
[INFO] [stderr]     Checking scopeguard v0.3.3
[INFO] [stderr]    Compiling memchr v2.2.1
[INFO] [stderr]     Checking matches v0.1.8
[INFO] [stderr]     Checking itoa v0.4.4
[INFO] [stderr]    Compiling serde v1.0.94
[INFO] [stderr]    Compiling failure_derive v0.1.5
[INFO] [stderr]     Checking rustc-demangle v0.1.15
[INFO] [stderr]    Compiling regex v1.1.9
[INFO] [stderr]     Checking percent-encoding v1.0.1
[INFO] [stderr]    Compiling spin v0.5.0
[INFO] [stderr]    Compiling version_check v0.1.5
[INFO] [stderr]     Checking either v1.5.2
[INFO] [stderr]    Compiling ucd-util v0.1.3
[INFO] [stderr]    Compiling crc32fast v1.2.0
[INFO] [stderr]     Checking quick-error v1.2.2
[INFO] [stderr]    Compiling httparse v1.3.4
[INFO] [stderr]     Checking arc-swap v0.3.11
[INFO] [stderr]     Checking utf8-ranges v1.0.3
[INFO] [stderr]     Checking dtoa v0.4.4
[INFO] [stderr]    Compiling encoding_rs v0.8.17
[INFO] [stderr]    Compiling bitflags v1.1.0
[INFO] [stderr]     Checking sha1 v0.6.0
[INFO] [stderr]     Checking indexmap v1.0.2
[INFO] [stderr]    Compiling slog v2.5.2
[INFO] [stderr]     Checking language-tags v0.2.2
[INFO] [stderr]     Checking copyless v0.1.4
[INFO] [stderr]     Checking hashbrown v0.5.0
[INFO] [stderr]     Checking percent-encoding v2.1.0
[INFO] [stderr]     Checking ascii v0.9.3
[INFO] [stderr]     Checking take_mut v0.2.2
[INFO] [stderr]     Checking log v0.4.6
[INFO] [stderr]     Checking unicode-bidi v0.3.4
[INFO] [stderr]     Checking rand_core v0.3.1
[INFO] [stderr]     Checking rand_jitter v0.1.4
[INFO] [stderr]     Checking lock_api v0.2.0
[INFO] [stderr]     Checking unicode-normalization v0.1.8
[INFO] [stderr]    Compiling lazy_static v1.3.0
[INFO] [stderr]    Compiling regex-syntax v0.6.8
[INFO] [stderr]    Compiling rand_chacha v0.1.1
[INFO] [stderr]    Compiling rand_pcg v0.1.2
[INFO] [stderr]    Compiling rand v0.6.5
[INFO] [stderr]    Compiling num-traits v0.2.8
[INFO] [stderr]    Compiling num-integer v0.1.41
[INFO] [stderr]    Compiling rand_chacha v0.2.0
[INFO] [stderr]     Checking crossbeam-utils v0.6.5
[INFO] [stderr]     Checking thread_local v0.3.6
[INFO] [stderr]     Checking lock_api v0.1.5
[INFO] [stderr]    Compiling unicase v2.4.0
[INFO] [stderr]     Checking rand_isaac v0.1.1
[INFO] [stderr]     Checking rand_xorshift v0.1.1
[INFO] [stderr]     Checking rand_hc v0.1.0
[INFO] [stderr]    Compiling parking_lot_core v0.4.0
[INFO] [stderr]    Compiling parking_lot_core v0.5.0
[INFO] [stderr]    Compiling parking_lot v0.8.0
[INFO] [stderr]     Checking tokio-executor v0.1.8
[INFO] [stderr]     Checking tokio-sync v0.1.6
[INFO] [stderr]     Checking actix-service v0.4.1
[INFO] [stderr]    Compiling aho-corasick v0.7.4
[INFO] [stderr]     Checking base64 v0.10.1
[INFO] [stderr]     Checking combine v3.8.1
[INFO] [stderr]    Compiling quote v0.6.12
[INFO] [stderr]     Checking tokio-timer v0.2.11
[INFO] [stderr]     Checking tokio-current-thread v0.1.6
[INFO] [stderr]     Checking iovec v0.1.2
[INFO] [stderr]     Checking rand_os v0.1.3
[INFO] [stderr]     Checking net2 v0.2.33
[INFO] [stderr]     Checking num_cpus v1.10.1
[INFO] [stderr]     Checking socket2 v0.3.9
[INFO] [stderr]     Checking hostname v0.1.5
[INFO] [stderr]     Checking time v0.1.42
[INFO] [stderr]     Checking getrandom v0.1.6
[INFO] [stderr]     Checking signal-hook-registry v1.0.1
[INFO] [stderr]     Checking slog-async v2.3.0
[INFO] [stderr]     Checking idna v0.1.5
[INFO] [stderr]     Checking idna v0.2.0
[INFO] [stderr]    Compiling backtrace-sys v0.1.30
[INFO] [stderr]    Compiling miniz-sys v0.1.12
[INFO] [stderr]    Compiling brotli-sys v0.3.2
[INFO] [stderr]     Checking bytes v0.4.12
[INFO] [stderr]     Checking mime v0.3.13
[INFO] [stderr]     Checking threadpool v1.7.1
[INFO] [stderr]     Checking resolv-conf v0.6.2
[INFO] [stderr]     Checking rand_core v0.5.0
[INFO] [stderr]     Checking mio v0.6.19
[INFO] [stderr]     Checking signal-hook v0.1.9
[INFO] [stderr]     Checking tokio-io v0.1.12
[INFO] [stderr]     Checking http v0.1.17
[INFO] [stderr]     Checking string v0.2.1
[INFO] [stderr]     Checking rand v0.7.0
[INFO] [stderr]     Checking url v2.1.0
[INFO] [stderr]     Checking url v1.7.2
[INFO] [stderr]     Checking chrono v0.4.7
[INFO] [stderr]     Checking flate2 v1.0.9
[INFO] [stderr]     Checking tokio-codec v0.1.1
[INFO] [stderr]     Checking backtrace v0.3.32
[INFO] [stderr]     Checking actix-codec v0.1.2
[INFO] [stderr]     Checking uuid v0.7.4
[INFO] [stderr]     Checking mio-uds v0.6.7
[INFO] [stderr]     Checking actix-utils v0.4.2
[INFO] [stderr]     Checking parking_lot v0.7.1
[INFO] [stderr]     Checking tokio-reactor v0.1.9
[INFO] [stderr]     Checking tokio-tcp v0.1.3
[INFO] [stderr]     Checking tokio-udp v0.1.3
[INFO] [stderr]     Checking tokio-signal v0.2.7
[INFO] [stderr]     Checking tokio-uds v0.2.5
[INFO] [stderr]     Checking actix-server-config v0.1.1
[INFO] [stderr]     Checking h2 v0.1.25
[INFO] [stderr]     Checking brotli2 v0.3.2
[INFO] [stderr]    Compiling synstructure v0.10.2
[INFO] [stderr]     Checking redis v0.12.0
[INFO] [stderr]    Compiling serde_derive v1.0.94
[INFO] [stderr]    Compiling derive_more v0.14.1
[INFO] [stderr]    Compiling enum-as-inner v0.2.1
[INFO] [stderr]    Compiling derive_more v0.15.0
[INFO] [stderr]    Compiling actix-web-codegen v0.1.2
[INFO] [stderr]     Checking failure v0.1.5
[INFO] [stderr]     Checking trust-dns-proto v0.7.4
[INFO] [stderr]     Checking actix-threadpool v0.1.1
[INFO] [stderr]     Checking actix-rt v0.2.3
[INFO] [stderr]     Checking trust-dns-resolver v0.11.1
[INFO] [stderr]     Checking actix-server v0.5.1
[INFO] [stderr]     Checking actix-connect v0.2.0
[INFO] [stderr]     Checking serde_json v1.0.40
[INFO] [stderr]     Checking serde_urlencoded v0.5.5
[INFO] [stderr]     Checking actix-router v0.1.5
[INFO] [stderr]     Checking toml v0.5.1
[INFO] [stderr]     Checking actix-http v0.2.5
[INFO] [stderr]     Checking slog-json v2.3.0
[INFO] [stderr]     Checking awc v0.2.2
[INFO] [stderr]     Checking actix-web v1.0.3
[INFO] [stderr]     Checking target-dicts v0.1.0 (/opt/rustwide/workdir)
[INFO] [stdout] error[E0277]: the size for values of type `dyn Storage` cannot be known at compilation time
[INFO] [stdout]   --> src/handler/dicts.rs:7:31
[INFO] [stdout]    |
[INFO] [stdout] 7  |     let data = req.app_data::<AppState<dyn Storage>>().unwrap();
[INFO] [stdout]    |                               ^^^^^^^^^^^^^^^^^^^^^ doesn't have a size known at compile-time
[INFO] [stdout]    | 
[INFO] [stdout]   ::: src/main.rs:52:17
[INFO] [stdout]    |
[INFO] [stdout] 52 | struct AppState<S: Storage> {
[INFO] [stdout]    |                 - required by this bound in `AppState`
[INFO] [stdout]    |
[INFO] [stdout]    = help: the trait `std::marker::Sized` is not implemented for `dyn Storage`
[INFO] [stdout] help: you could relax the implicit `Sized` bound on `S` if it were used through indirection like `&S` or `Box<S>`
[INFO] [stdout]   --> src/main.rs:52:17
[INFO] [stdout]    |
[INFO] [stdout] 52 | struct AppState<S: Storage> {
[INFO] [stdout]    |                 ^ this could be changed to `S: ?Sized`...
[INFO] [stdout] ...
[INFO] [stdout] 55 |     storage: S,
[INFO] [stdout]    |              - ...if indirection was used here: `Box<S>`
[INFO] [stdout] 
[INFO] [stdout] 
[INFO] [stdout] error[E0277]: the size for values of type `dyn Storage` cannot be known at compilation time
[INFO] [stdout]   --> src/handler/dicts.rs:7:16
[INFO] [stdout]    |
[INFO] [stdout] 7  |     let data = req.app_data::<AppState<dyn Storage>>().unwrap();
[INFO] [stdout]    |                ^^^^^^^^^^^^^^^^^^^^^^^^^^^^^^^^^^^^^^^^^^^^^^^^ doesn't have a size known at compile-time
[INFO] [stdout]    | 
[INFO] [stdout]   ::: src/main.rs:52:17
[INFO] [stdout]    |
[INFO] [stdout] 52 | struct AppState<S: Storage> {
[INFO] [stdout]    |                 - required by this bound in `AppState`
[INFO] [stdout]    |
[INFO] [stdout]    = help: the trait `std::marker::Sized` is not implemented for `dyn Storage`
[INFO] [stdout] help: you could relax the implicit `Sized` bound on `S` if it were used through indirection like `&S` or `Box<S>`
[INFO] [stdout]   --> src/main.rs:52:17
[INFO] [stdout]    |
[INFO] [stdout] 52 | struct AppState<S: Storage> {
[INFO] [stdout]    |                 ^ this could be changed to `S: ?Sized`...
[INFO] [stdout] ...
[INFO] [stdout] 55 |     storage: S,
[INFO] [stdout]    |              - ...if indirection was used here: `Box<S>`
[INFO] [stdout] 
[INFO] [stdout] 
[INFO] [stdout] error[E0277]: the size for values of type `dyn Storage` cannot be known at compilation time
[INFO] [stdout]   --> src/handler/dicts.rs:7:31
[INFO] [stdout]    |
[INFO] [stdout] 7  |     let data = req.app_data::<AppState<dyn Storage>>().unwrap();
[INFO] [stdout]    |                               ^^^^^^^^^^^^^^^^^^^^^ doesn't have a size known at compile-time
[INFO] [stdout]    | 
[INFO] [stdout]   ::: src/main.rs:52:17
[INFO] [stdout]    |
[INFO] [stdout] 52 | struct AppState<S: Storage> {
[INFO] [stdout]    |                 - required by this bound in `AppState`
[INFO] [stdout]    |
[INFO] [stdout]    = help: the trait `std::marker::Sized` is not implemented for `dyn Storage`
[INFO] [stdout] help: you could relax the implicit `Sized` bound on `S` if it were used through indirection like `&S` or `Box<S>`
[INFO] [stdout]   --> src/main.rs:52:17
[INFO] [stdout]    |
[INFO] [stdout] 52 | struct AppState<S: Storage> {
[INFO] [stdout]    |                 ^ this could be changed to `S: ?Sized`...
[INFO] [stdout] ...
[INFO] [stdout] 55 |     storage: S,
[INFO] [stdout]    |              - ...if indirection was used here: `Box<S>`
[INFO] [stdout] 
[INFO] [stdout] 
[INFO] [stdout] error[E0277]: the size for values of type `dyn Storage` cannot be known at compilation time
[INFO] [stdout]   --> src/handler/dicts.rs:7:16
[INFO] [stdout]    |
[INFO] [stdout] 7  |     let data = req.app_data::<AppState<dyn Storage>>().unwrap();
[INFO] [stdout]    |                ^^^^^^^^^^^^^^^^^^^^^^^^^^^^^^^^^^^^^^^^^^^^^^^^ doesn't have a size known at compile-time
[INFO] [stdout]    | 
[INFO] [stdout]   ::: src/main.rs:52:17
[INFO] [stdout]    |
[INFO] [stdout] 52 | struct AppState<S: Storage> {
[INFO] [stdout]    |                 - required by this bound in `AppState`
[INFO] [stdout]    |
[INFO] [stdout]    = help: the trait `std::marker::Sized` is not implemented for `dyn Storage`
[INFO] [stdout] help: you could relax the implicit `Sized` bound on `S` if it were used through indirection like `&S` or `Box<S>`
[INFO] [stdout]   --> src/main.rs:52:17
[INFO] [stdout]    |
[INFO] [stdout] 52 | struct AppState<S: Storage> {
[INFO] [stdout]    |                 ^ this could be changed to `S: ?Sized`...
[INFO] [stdout] ...
[INFO] [stdout] 55 |     storage: S,
[INFO] [stdout]    |              - ...if indirection was used here: `Box<S>`
[INFO] [stdout] 
[INFO] [stdout] 
[INFO] [stdout] error: aborting due to 2 previous errors
[INFO] [stdout] 
[INFO] [stdout] 
[INFO] [stdout] For more information about this error, try `rustc --explain E0277`.
[INFO] [stdout] 
[INFO] [stdout] error: aborting due to 2 previous errors
[INFO] [stdout] 
[INFO] [stdout] 
[INFO] [stdout] For more information about this error, try `rustc --explain E0277`.
[INFO] [stdout] 
[INFO] [stderr] error: could not compile `target-dicts`.
[INFO] [stderr] 
[INFO] [stderr] To learn more, run the command again with --verbose.
[INFO] [stderr] warning: build failed, waiting for other jobs to finish...
[INFO] [stderr] error: build failed
[INFO] running `Command { std: "docker" "inspect" "dd21c2edf2c7f39b13654dee4971633b20dedf092c1999a168b81b3e75f6688b", kill_on_drop: false }`
[INFO] running `Command { std: "docker" "rm" "-f" "dd21c2edf2c7f39b13654dee4971633b20dedf092c1999a168b81b3e75f6688b", kill_on_drop: false }`
[INFO] [stdout] dd21c2edf2c7f39b13654dee4971633b20dedf092c1999a168b81b3e75f6688b
